 28. What is y(z)?
6
Let s(r) = -201*r**3 - r**2 - 3*r - 1. Let h be s(-1). Let a = h - 207. Let x(p) = p + 15. Determine x(a).
10
Suppose -250 + 685 = 5*r. Let i = r + -86. Let k(z) = 2*z**2 - 2*z - 5*z**3 - 6 - 2*z**2 + 7. Determine k(i).
-6
Let c(t) = 12*t + 10. Let h be 6688/912 - (-20)/(-6). Calculate c(h).
58
Let w(c) = 3*c**2 + 439*c - 984*c + 544*c - 5. Calculate w(3).
19
Let n(p) = p**2 + p + 1. Let o(u) = -3*u - 40. Let w be o(-13). Let c(z) = 2*z**2 + z + 4. Let f(y) = w*c(y) + 3*n(y). Calculate f(-2).
-1
Let o(t) = 9*t**3 - 10*t**2 + 11*t + 7. Let d(m) = 2*m**3 - 2*m**2 + 2*m. Let y(l) = -4*d(l) + o(l). What is y(0)?
7
Let d(c) = -c**2 + 17. Let l(v) = -9*v**2 + 21*v + 87. Let w(k) = -8*d(k) + l(k). What is w(19)?
-11
Let f = -243 - -280. Let c(l) = f*l - 27*l + 4 - 5*l + l**2. What is c(-5)?
4
Let s(p) = 14*p - 51. Let t be s(4). Let u = 14 - t. Let m(l) = l**2 - 8*l - 6. Calculate m(u).
3
Let p be 16/(-5)*(-15)/6. Suppose 17 = -5*i - p. Let l(o) be the first derivative of -o**3/3 - 2*o**2 - 7*o + 13. What is l(i)?
-12
Let u = 3 - -8. Suppose 6*d - u = 1. Let i(s) = d*s - s**2 + 7 - 10 - 7 - 12*s. What is i(-8)?
6
Let u be 0/(3/(18/12)). Let t be (3/(-2) - u)/(4/8). Let g(a) = a**3 + 4*a**2 + 3*a + 3. What is g(t)?
3
Let l(z) = -z - 44. Let h(c) = -4*c**2 - 14*c - 33. Let n be h(-2). Give l(n).
-23
Let f(c) be the first derivative of -2*c**3/3 + 11*c**2/2 + 7*c + 502. Let v(j) = -j**3 + 2*j**2 + 10*j - 2. Let h be v(4). What is f(h)?
1
Let k(p) = -p**3 + 11*p**2 - 27*p + 10. Let l be (-3 + 3 + -4)*1 - 198/(-18). Give k(l).
17
Let l(b) = -24*b - 170. Let k = 24014 - 24020. Calculate l(k).
-26
Suppose -5*c = -4*c + 5, 0 = 4*n - 3*c + 1. Let u(t) = -t. Let w(p) = 6*p. Let f(x) = -5*u(x) - w(x). Determine f(n).
4
Let z(v) be the third derivative of v**6/120 - v**5/12 + 5*v**4/8 - 2*v**3/3 - 440*v**2. Give z(4).
40
Let u(g) be the first derivative of 29 + 0*g + 1/3*g**3 + 3/4*g**4 + 0*g**2. Let p be ((-16)/(-4) - 4) + 1. What is u(p)?
4
Let s(o) = -o**2 - 30*o - 49. Let c = 40367 + -40395. What is s(c)?
7
Let x(v) be the third derivative of v**5/60 + 7*v**4/24 + 4*v**3/3 - v**2. Let n(u) = 3*u**2 - 80*u - 1399. Let j be n(-12). Determine x(j).
8
Suppose -621 + 621 = 8*r + 5*r. Let m(l) = l**3 + 28. Calculate m(r).
28
Let t(b) = -b**2 - 2*b + 7. Suppose 5*u - 4*m = 35, -21*u + 2*m = -25*u + 2. Suppose 0 = 3*o - 3*r + 9, 0 = 3*o + 3*r + 24 - u. Give t(o).
-8
Let v(r) = r**2 + r - 1. Let g(m) = -8*m**2 - 6*m + 5. Let d(l) = g(l) + 6*v(l). Suppose -198 = -32*x + 10*x. Suppose c + 8 = x*c. Calculate d(c).
-3
Let d(i) = -3*i + 2. Let o be d(0). Let w(f) = -f**2 - f + 1. Let r(k) = -2*k**2 - 3*k + 2. Let u(t) = o*r(t) - 5*w(t). Determine u(-2).
5
Suppose 0 = 35*w + 21*w + 20*w + 684. Let h(l) = -3*l - 12. Give h(w).
15
Let l be (-19 - (-132)/7)/((-2)/14). Let m(j) = 28*j - 4. Determine m(l).
24
Let i(z) = z**3 + 4*z**2 + 6*z + 4. Let b = 672 + -674. Determine i(b).
0
Let o be 7750/20*(-24)/(-30). Let n be (-124)/o + (-84)/(-10). Let y(m) = m**3 - 8*m**2 + m - 6. What is y(n)?
2
Let q = 1 - 4. Let y(x) be the first derivative of 149 - x**2 - 4/3*x**3 - 4*x - 1/4*x**4. Calculate y(q).
-7
Let v be (-85)/170 - 19/(-2). Let t(j) = -2*j**2 + 22*j - 29. Determine t(v).
7
Let d = 2228 - 2225. Let u(v) = v**3 - 5*v**2 + 4*v + 8. Determine u(d).
2
Suppose x + 2*h - 8 = 0, 0 = -30*x + 31*x - h + 1. Let z(d) = -2*d**2 - 238 + 240 + d**x - 9*d. Calculate z(-8).
10
Let g be (441/(-294))/(18/192). Let t(i) = -2*i**2 + 16*i - 3. Let c(m) = -3*m**2 + 32*m - 5. Let o(v) = -3*c(v) + 5*t(v). Give o(g).
0
Let q(a) = -12*a - 245. Let w be q(-21). Let u(m) = w*m - 11 - 16*m + 11*m. Determine u(12).
13
Suppose -339 = -10*m - 9. Let b(j) = m*j + j**2 + 5 - 24*j + 6. What is b(-8)?
3
Suppose 58*p = -116*p - 21 - 327. Let t(a) = 151*a + 299. Determine t(p).
-3
Let x(c) = -1 - 108*c + 313*c - 96*c + 0 - 111*c - 3*c**2. Determine x(2).
-17
Let a(n) = -n + 1. Suppose 2*x - 164 = 4*d - 324, -4*x = 8. Let g = 21 + -57. Let l = d + g. Calculate a(l).
-2
Let u(w) = w + 1. Let c(d) = d. Let v(i) = -3*c(i) + 4*u(i). Let b(s) = 252*s - 504. Let a be b(2). What is v(a)?
4
Let i(s) be the second derivative of -s**5/20 + 11*s**4/12 + 5*s**3/3 + 47*s**2/2 - 155*s + 4. Give i(12).
23
Let j(t) = -12*t + 107. Let s(m) = -16*m + 156. Let k(u) = -8*j(u) + 5*s(u). What is k(4)?
-12
Suppose -2*i + 6 = 4*b, 0 = -6*b + 4*b + i - 7. Let q be (-108)/(-27) - (1 + b). Let u(p) = -q*p + 3*p + p**2 + 0*p - p**3 + 0*p**2. Determine u(0).
0
Let m(h) = h**2 - h + 8. Let a(g) = 217*g - 651. Let p be a(3). Give m(p).
8
Suppose 0 + 15 = 3*c. Let x be ((-18)/c)/(2*8/(-40)). Let b(u) = -u**2 + 10*u + 9. Determine b(x).
18
Let u(z) be the third derivative of -z**6/120 - z**5/30 + 2*z**4/3 - 9*z**3/2 + 425*z**2 + 6*z. Determine u(2).
-11
Let b(f) = f**3 + 2*f**2 - 15*f - 10. Let i(v) = -3*v**3 - 6*v**2 + 46*v + 27. Let z(x) = 7*b(x) + 2*i(x). Give z(-4).
4
Let b be 0 + ((-22)/(-77))/(2/14). Let q(x) = 185*x**b + 8*x - 1 - 92*x**2 - 92*x**2. Calculate q(-8).
-1
Let h = 32527 + -32524. Let p(w) = 6*w**2 - 15*w - 2. Give p(h).
7
Suppose 15*a - 102*a = 435. Let n(j) be the third derivative of -j**4/6 - 7*j**3/6 - j**2. Calculate n(a).
13
Let b(z) = z**2 - 10*z + 11. Let v be (-30)/(-12)*-2 - -14. Let h be (12/v)/(-6 - 650/(-105)). Determine b(h).
-10
Let n(f) be the first derivative of -f**4/2 + 7*f**3 - 11*f**2/2 - 6*f + 183. Let b be n(10). Let t(m) = -m**3 - 15*m**2 + 18*m + 24. Give t(b).
-8
Let k(d) = 2*d**2 - 4*d + 17. Let l be (-6)/10 - ((-51)/10 + 13/26). Determine k(l).
33
Let m(q) = 2*q**3 - 102*q**2 + 198*q - 90. Let w be m(49). Let f(a) = a - 8. Calculate f(w).
0
Let u(q) be the second derivative of -q**4/3 - q**3/6 - 138*q. Let h = 21 + -19. Suppose 9*a = 7*a + h. Calculate u(a).
-5
Let j(l) = 4*l + 2. Let m = -113 + 129. Suppose 2*d + m = -2*h - 0*d, -d + 20 = -3*h. Determine j(h).
-26
Let a(m) be the third derivative of m**6/720 - m**5/12 - 4*m**4 - 3*m**2 - 8*m. Let v(u) be the second derivative of a(u). Give v(5).
-5
Let i(l) = 16*l + 50 - 16*l - 36 + 20*l + l**2. Calculate i(-17).
-37
Let m(j) = j**3 - 9*j**2 + 6*j**2 - 11*j**2 - 3 + 11*j**2 + 6*j + 2. Determine m(4).
39
Let x(u) = -376*u - 8 - 372*u + 750*u. Give x(15).
22
Let f(b) = -b**3 + 6*b**2 - 6*b + 12. Let r(d) = -d**3 + 6*d**2 - 7*d + 13. Let y(x) = 6*f(x) - 5*r(x). Let c be ((-6)/8)/(1/(-8)). Calculate y(c).
1
Let x(f) = -f**3 - 65*f**2 - 198*f - 762. Let v be x(-62). Let s(d) = 13*d + 234. Calculate s(v).
0
Let o(z) be the third derivative of z**5/60 - 25*z**4/24 - 65*z**3/2 - 37*z**2 + z + 8. What is o(-6)?
-9
Let v(y) = -9241*y - 27 + 8 + 9239*y. Calculate v(4).
-27
Let m(u) = -u**2 + 5*u. Let h(k) = -k**2 + 3*k. Let z(b) = 8*h(b) - 5*m(b). Suppose -17*v = -21*v - 4*t + 24, -3*t = -2*v - 23. Determine z(v).
-2
Let d(r) = -46*r**3 + r**2. Suppose 4*u = -5*c + 7 - 18, 0 = u - 3*c - 10. Determine d(u).
-45
Let n(m) be the third derivative of m**4/4 + 8*m**3/3 - 287*m**2 + 3. Calculate n(-6).
-20
Let a(v) = v**2 - 47*v - 493. Let x be a(56). Let k(s) = 7*s + 18. What is k(x)?
95
Let d(g) = 4*g**3 - g**2 + g + 1. Let k = 207 + -193. Suppose 0 = -p + 2*x - 8, -k = -11*p + 14*p - 4*x. Determine d(p).
31
Let u(p) = p**3 - 8*p**2 - p. Let a = 556 + -56. Let t = a - 492. Calculate u(t).
-8
Let w(o) = -5*o**2 - 177*o + 12. Let j(t) = -t**2 - 44*t + 1. Let u(n) = -4*j(n) + w(n). What is u(6)?
-34
Suppose -21 = 23*n - 26*n. Let y(h) = -2*h**2 + 11*h + 25. Let x be y(n). Let m(t) = -t**2 + 4*t + 3. Give m(x).
3
Let i(m) be the second derivative of 7/6*m**3 - 72 - 3/2*m**2 - 1/12*m**4 - m. What is i(5)?
7
Let y(m) = 3*m. Let h(b) = -b + 7. Let n be h(4). Let f(l) = -3342*l**2 + 3344*l**2 - 10 + 8*l - l**3 + 6*l - 7*l. Let z be f(n). Determine y(z).
6
Let q(y) = 54 - 94 - 2*y + 33. Give q(4).
-15
Suppose -4313*n + 4311*n + 34 = 0. Let f(a) = 4*a - 79. Determine f(n).
-11
Let a(r) = 34*r**3 + 3*r**2 - 4*r + 5. Let b(v) = 33*v**3 + 2*v**2 - 3*v + 4. Let z(n) = 3*a(n) - 4*b(n). Let y = 11038 - 11039. Give z(y).
30
Let a = -2655 - -2653. Let m(h) = 8*h**2 - 2*h - 5. What is m(a)?
31
Let l(o) = o**3 - 7*o**2 + 7*o - 7. Let m(t) = -19*t + 241. Let k be m(13). Let g be (-41 + 36)*5/(25/k). What is l(g)?
-1
Let m(c) be the second derivative of -c**